t 110101000 (base 2) to base 6.
1544
34451 (base 7) to base 16
2267
Convert 1a57 (base 12) to base 11.
2481
Convert -20102 (base 5) to base 13.
-773
d64 (base 15) to base 2
101111001011
-2311 (base 7) to base 3
-1011011
What is 215 (base 15) in base 13?
2a2
What is 4386 (base 14) in base 4?
2312202
-10111111 (base 3) to base 14
-d03
-541 (base 9) to base 12
-30a
What is 4127 (base 13) in base 3?
110022222
What is 2345 (base 6) in base 9?
702
Convert 14923 (base 13) to base 4.
21133303
Convert 765 (base 15) to base 3.
2021212
Convert -11110111000 (base 2) to base 3.
-2201012
Convert 1614 (base 9) to base 15.
56d
What is 600 (base 7) in base 4?
10212
Convert 302 (base 8) to base 6.
522
Convert -130 (base 6) to base 12.
-46
What is -111012101 (base 3) in base 14?
-3714
-50 (base 7) to base 10
-35
6099 (base 13) to base 10
13308
What is -253631 (base 7) in base 2?
-1011011101110100
What is -3267 (base 8) in base 12?
-bb3
12111120 (base 3) to base 16
fab
Convert -5823 (base 15) to base 4.
-10210110
Convert 45b1 (base 13) to base 5.
303102
Convert -735 (base 9) to base 7.
-1514
What is -622a (base 13) in base 3?
-200121002
Convert 321422 (base 5) to base 2.
10101001101110
12a99 (base 12) to base 11
18389
-11010101010 (base 2) to base 16
-6aa
Convert -1201110 (base 4) to base 8.
-14124
2020210020 (base 3) to base 9
66706
What is 101110010101 (base 2) in base 5?
43330
What is -315 (base 8) in base 12?
-151
1683 (base 9) to base 15
5b0
What is -36a (base 11) in base 16?
-1b7
-4230 (base 6) to base 7
-2532
-4211 (base 6) to base 8
-1657
153464 (base 7) to base 12
154ab
What is 858 (base 16) in base 12?
12a0
What is 195c (base 16) in base 11?
4972
2bc1 (base 13) to base 6
45402
-321 (base 6) to base 7
-232
What is -16a73 (base 11) in base 7?
-126505
-3cc (base 14) to base 7
-2145
-6d8d (base 16) to base 6
-333501
Convert 3403 (base 6) to base 15.
380
Convert 14a8 (base 12) to base 2.
100110000000
Convert 547 (base 9) to base 4.
13000
What is -241 (base 5) in base 14?
-51
Convert -1f8 (base 16) to base 12.
-360
What is -1021111 (base 3) in base 15?
-421
Convert 2320 (base 9) to base 15.
799
Convert -11001001100110 (base 2) to base 8.
-31146
1608 (base 14) to base 15
126d
What is -1e (base 15) in base 9?
-32
Convert -68c (base 16) to base 15.
-76b
Convert -2131203 (base 4) to base 2.
-10011101100011
-15a7 (base 12) to base 11
-1a31
1434 (base 5) to base 11
202
Convert -35b (base 15) to base 6.
-3305
What is 2013 (base 4) in base 7?
252
-2442 (base 14) to base 9
-8613
Convert 1374 (base 9) to base 11.
865
Convert -c1c (base 16) to base 13.
-1546
What is 20535 (base 6) in base 9?
3745
1101332 (base 5) to base 12
ab87
Convert 27147 (base 10) to base 4.
12220023
-311 (base 13) to base 12
-375
Convert -2546 (base 9) to base 16.
-771
What is 10672 (base 8) in base 15?
1528
7fb (base 16) to base 11
1598
Convert -b4be (base 15) to base 7.
-216245
Convert -1000000100010 (base 2) to base 7.
-15020
What is 12303132 (base 4) in base 5?
1342440
Convert -34401 (base 6) to base 9.
-6641
What is -30304 (base 5) in base 15?
-8a4
Convert 2594 (base 12) to base 7.
15334
Convert 142 (base 9) to base 6.
315
What is -12376 (base 9) in base 4?
-2002023
Convert 3030121 (base 4) to base 5.
404311
Convert -1c17 (base 15) to base 12.
-3641
169a (base 16) to base 12
3422
Convert 610 (base 10) to base 5.
4420
-1000100010100001 (base 2) to base 16
-88a1
Convert -3960 (base 11) to base 12.
-2b90
What is 912 (base 10) in base 6?
4120
15066 (base 7) to base 2
1000001000100
c84 (base 15) to base 5
42244
What is 2022022 (base 4) in base 5?
240332
What is 3657 (base 10) in base 14?
1493
Convert 873 (base 10) to base 5.
11443
Convert -13110 (base 5) to base 14.
-538
What is -100021031 (base 4) in base 15?
-148d5
1b3 (base 15) to base 8
611
-20332330 (base 4) to base 13
-13996
What is 14889 (base 14) in base 4?
30132021
Convert -243 (base 9) to base 12.
-149
11001321 (base 4) to base 11
14529
Convert -1a542 (base 11) to base 16.
-6fba
Convert -220 (base 14) to base 12.
-2b0
-27a4 (base 16) to base 5
-311043
What is -1238 (base 11) in base 6?
-11250
311 (base 9) to base 16
fd
Convert 765 (base 15) to base 9.
2255
What is -1011001 (base 2) in base 16?
-59
What is -2912 (base 13) in base 15?
-1b55
Convert 1030302 (base 4) to base 8.
11462
What is -34111 (base 5) in base 15?
-aa6
What is 438 (base 13) in base 8?
1323
-1eb (base 16) to base 3
-200012
What is -215556 (base 7) in base 13?
-143c4
-4252 (base 6) to base 13
-596
Convert -4215 (base 9) to base 5.
-44332
2bf (base 16) to base 10
703
101101011001 (base 2) to base 10
2905
399 (base 11) to base 4
13113
310 (base 4) to base 15
37
Convert 10111010 (base 2) to base 9.
226
-2612 (base 13) to base 6
-41035
211411 (base 5) to base 2
1101111000010
Convert 1000111000010010 (base 2) to base 3.
1211220001
-477 (base 11) to base 10
-568
12343 (base 5) to base 6
4301
-112 (base 7) to base 10
-58
Convert 64b (base 16) to base 11.
1235
Convert 100120110 (base 3) to base 8.
15502
What is -74 (base 9) in base 11?
-61
Convert -6380 (base 13) to base 5.
-420133
Convert -53241 (base 6) to base 3.
-100220121
What is 433340 (base 5) in base 11?
10176
-112052 (base 6) to base 2
-10010101000000
What is -45415 (base 6) in base 7?
-24500
What is a07 (base 11) in base 15?
562
-12302 (base 4) to base 11
-365
-32361 (base 7) to base 8
-17617
-231154 (base 7) to base 5
-2304443
What is 273c (base 15) in base 5?
232012
What is -219 (base 15) in base 13?
-2a6
What is -10001 (base 3) in base 2?
-1010010
What is -111011010 (base 2) in base 16?
-1da
What is 31411 (base 8) in base 4?
3030021
What is -10827 (base 14) in base 8?
-116123
Convert 1022 (base 5) to base 3.
12002
Convert -1011111 (base 2) to base 11.
-87
-30a9 (base 15) to base 14
-3a68
What is -21211 (base 3) in base 11?
-182
What is 2554 (base 11) in base 7?
12461
-1323332 (base 4) to base 9
-11785
-244dd (base 14) to base 10
-88787
1b34 (base 13) to base 6
30551
2202314 (base 5) to base 12
19a8a
357 (base 13) to base 3
210110
Convert 21031 (base 4) to base 10.
589
-7661 (base 10) to base 4
-1313231
Convert 401212 (base 5) to base 10.
12682
What is -38086 (base 9) in base 3?
-1022002220
-7dd0 (base 14) to base 16
-55b2
What is 2314 (base 9) in base 8?
3262
What is -88a2 (base 14) in base 3?
-1012110101
-1010000 (base 2) to base 9
-88
What is -10000010100 (base 2) in base 8?
-2024
Convert 436 (base 13) to base 7.
2050
What is 29e (base 16) in base 8?
1236
What is c79 (base 14) in base 13?
1172
1703 (base 12) to base 11
2070
1075 (base 13) to base 11
17a5
What is 19b (base 12) in base 3?
100202
What is -117 (base 15) in base 12?
-187
-50653 (base 10) to base 3
-2120111001
-20022 (base 3) to base 15
-b5
4563 (base 9) to base 6
23350
-10c (base 16) to base 7
-532
Convert -22024 (base 10) to base 6.
-245544
-a64 (base 16) to base 12
-1658
What is -466 (base 8) in base 2?
-100110110
What is 3211 (base 4) in base 14?
125
Convert -a9 (base 16) to base 11.
-144
Convert -aca (base 13) to base 10.
-1856
What is -13311 (base 4) in base 13?
-2c7
What is -2254 (base 7) in base 6?
-3451
-1633 (base 13) to base 3
-11110111
311 (base 12) to base 10
445
Convert 3268 (base 11) to base 7.
15364
What is -c147 (base 13) in base 10?
-26592
Convert 1150 (base 7) to base 14.
227
Convert -414 (base 9) to base 5.
-2322
Convert 5453 (base 9) to base 15.
12cc
Convert -3342 (base 11) to base 10.
-4402
1202111000 (base 3) to base 16
8736
-54315 (base 6) to base 9
-11212
35a3 (base 15) to base 16
2c8b
2a74 (base 12) to base 10
4984
Convert 2303333 (base 4) to base 9.
16718
111110110010010 (base 2) to base 8
76622
-254 (base 9) to base 6
-551
Convert -55032 (base 8) to base 12.
-11422
What is 10000001010 (base 2) in base 8?
2012
-6074 (base 12) to base 7
-42325
-1eb0 (base 15) to base 10
-6690
Convert 1136 (base 7) to base 15.
1ce
24412 (base 6) to base 13
1847
What is 110100100111110 (base 2) in base 14?
9b66
c57 (base 13) to base 2
100000110100
Convert -3c56 (base 13) to base 15.
-2895
What is -1101001011111111 (base 2) in base 7?
-313323
What is 13412 (base 6) in base 9?
2778
12717 (base 8) to base 10
5583
What is 6a6 (base 15) in base 5?
22011
-3891 (base 15) to base 7
-50110
Convert -12989 (base 13) to base 4.
-20130131
What is -211c (b